{"id":102,"date":"2022-12-20T20:25:02","date_gmt":"2022-12-20T20:25:02","guid":{"rendered":"http:\/\/www.fragildificil.com\/?page_id=102"},"modified":"2025-08-22T11:05:31","modified_gmt":"2025-08-22T11:05:31","slug":"bio","status":"publish","type":"page","link":"http:\/\/www.fragildificil.com\/index.php\/bio\/","title":{"rendered":"Bio"},"content":{"rendered":"<p><strong>Anna Roig Llabata<\/strong>, artista pl\u00e0stica. Breu resenya biogr\u00e0fica.<\/p>\n<p>Nascuda a Val\u00e8ncia el 1970, es llic\u00e8ncia en la Facultat de Belles Arts de Sant Carles al 1993.\u00a0 En l\u2019actualitat viu i treballa a Paterna, on t\u00e9 el seu taller de pintura i on comparteix l\u2019estudi de disseny <em>Lavalenciana de comunicaci\u00f3, art i disseny<\/em>, i dos fills, amb eI dissenyador C\u00e8sar Amiguet.<\/p>\n<p>Desenvolupa el seu treball en tres \u00e0mbits complementaris que ella ent\u00e9n com una totalitat:<\/p>\n<p>En l\u2019ambit m\u00e9s estrictament <strong>art\u00edstic<\/strong>, la seua obra pict\u00f2rica es mou dins de l\u2019abstracci\u00f3 en dues l\u00ednies ben diferenciades: <em>Taques<\/em>, on investiga el color i la gestualitat, aix\u00ed com la composici\u00f3 i l\u2019experimentaci\u00f3 en el tractament del color, resultant una obra pr\u00f2xima a la abstracci\u00f3 l\u00edrica; i la s\u00e8rie <em>Fr\u00e0gil-Dif\u00edcil<\/em>, que enceta el 2014, on els objectes i els materials curiosos s\u00f3n els protagonistes, conformant peces i instal\u00b7lacions pr\u00f2ximes a l\u2019an\u00e0lisi del m\u00f3n actual.<\/p>\n<p>Creativa profesional independent des de 1997, ha exposat a Sienna (It\u00e0lia), Rijeka (Croacia), i en Espanya a \u00c0vila, Salamanca, Madrid, aix\u00ed com a Girona, Alacant i Val\u00e8ncia. Des del 2000 fins al 2008 trien una de les s\u00e8ries anteriors de l\u2019artista, <em>Lacer\u00edas<\/em>, per a decorar les oficines de l&#8217;extinta Bancaixa.\u00a0 Produeix m\u00e9s de 600 obres sobre paper per a l\u2019entitat, amb formats mitjans, durant eixos 8 anys. Es pot trobar la seua obra a col\u00b7leccions tant p\u00fabliques com privades.<\/p>\n<p>Treballa tamb\u00e9 el camp de la <strong>il\u00b7lustraci\u00f3<\/strong> de llibres, infantils majorit\u00e0riament. Ha realitzat m\u00e9s de 20 llibres fins ara, per a diverses editorials,\u00a0 referenciats a la Biblioteca Nacional. Tamb\u00e9 realitza algunes cobertes de la col\u00b7lecci\u00f3 D\u00e8dal de Edicions del Bullent. <em>Cinc en un llit \/\/ Five in a bed<\/em> d\u2019Edicions del Bullent \u00e9s un dels darrers llibres que ha publicat com a autora fins ara. Es tracta d\u2019una edici\u00f3 biling\u00fce valenci\u00e0\/angl\u00e9s de la can\u00e7\u00f3 popular americana, per ensenyar als xiquets i xiquetes a comptar. Va ser el libre infantil m\u00e9s venut a la Pla\u00e7a del Llibre 2020.<\/p>\n<p>Respecte a l\u2019\u00e0mbit del <strong>disseny<\/strong>, com a treballs m\u00e9s destacats trobem al 2019 el logotip i\u00a0 el trofeu dissenyats pels premis que atorga la Conselleria de Cultura anualment als municipis destacats culturalment:<em> la Capitalitat Cultural Valenciana<\/em>. El trofeu \u00e9s una pe\u00e7a de fusta d\u2019olivera tractada amb la t\u00e8cnica japonesa del kintsugi. El 31 de juliol de 2020 es va inaugurar a Vilafranca (Castell\u00f3) el monument commemoratiu de la seua Capitalitat en pedra d\u2019Ulldecona que fa 220x150x20cm i 2.500 kg de pes i es pot veure al davant de les oficines del seu Ajuntament. Tamb\u00e9 ha realizat el logotip i la nova imatge de L\u2019Almara, el Mercat Municipal de Burjassot, i el logotip per l\u2019Oficina de Turisme de Burjassot. Tammateix, participa en l\u2019espectacle musical de Rafa Xamb\u00f3, <em>La Cantata de Val\u00e8ncia<\/em>, amb el disseny i la caracteritzaci\u00f3 de tres m\u00e0scares de l\u00e0tex. Dues representant a Joan Fuster i una a Carmelina S\u00e0nchez-Cutillas. La <em>Cantata<\/em> es va estrenar al teatre Principal de Val\u00e8ncia el 22 de desembre de 2022.<\/p>\n<p><img decoding=\"async\" loading=\"lazy\" class=\"alignnone size-large wp-image-122\" src=\"http:\/\/www.fragildificil.com\/wp-content\/uploads\/2022\/12\/MG_8322c-copia-1024x683.jpg\" alt=\"\" width=\"525\" height=\"350\" srcset=\"http:\/\/www.fragildificil.com\/wp-content\/uploads\/2022\/12\/MG_8322c-copia-1024x683.jpg 1024w, http:\/\/www.fragildificil.com\/wp-content\/uploads\/2022\/12\/MG_8322c-copia-300x200.jpg 300w, http:\/\/www.fragildificil.com\/wp-content\/uploads\/2022\/12\/MG_8322c-copia-768x512.jpg 768w, http:\/\/www.fragildificil.com\/wp-content\/uploads\/2022\/12\/MG_8322c-copia-350x233.jpg 350w\" sizes=\"(max-width: 525px) 100vw, 525px\" \/><\/p>\n<p><em>Action painting<\/em> en el desaparegut 33RPM, amb Sergio Riera al piano (2015)<\/p>\n","protected":false},"excerpt":{"rendered":"<p>Anna Roig Llabata, artista pl\u00e0stica. Breu resenya biogr\u00e0fica. Nascuda a Val\u00e8ncia el 1970, es llic\u00e8ncia en la Facultat de Belles Arts de Sant Carles al 1993.\u00a0 En l\u2019actualitat viu i treballa a Paterna, on t\u00e9 el seu taller de pintura i on comparteix l\u2019estudi de disseny Lavalenciana de comunicaci\u00f3, art i disseny, i dos fills, &hellip; <\/p>\n<p class=\"link-more\"><a href=\"http:\/\/www.fragildificil.com\/index.php\/bio\/\" class=\"more-link\">Continua llegint <span class=\"screen-reader-text\">\u00abBio\u00bb<\/span><\/a><\/p>\n","protected":false},"author":1,"featured_media":0,"parent":0,"menu_order":0,"comment_status":"closed","ping_status":"closed","template":"","meta":[],"_links":{"self":[{"href":"http:\/\/www.fragildificil.com\/index.php\/wp-json\/wp\/v2\/pages\/102"}],"collection":[{"href":"http:\/\/www.fragildificil.com\/index.php\/wp-json\/wp\/v2\/pages"}],"about":[{"href":"http:\/\/www.fragildificil.com\/index.php\/wp-json\/wp\/v2\/types\/page"}],"author":[{"embeddable":true,"href":"http:\/\/www.fragildificil.com\/index.php\/wp-json\/wp\/v2\/users\/1"}],"replies":[{"embeddable":true,"href":"http:\/\/www.fragildificil.com\/index.php\/wp-json\/wp\/v2\/comments?post=102"}],"version-history":[{"count":12,"href":"http:\/\/www.fragildificil.com\/index.php\/wp-json\/wp\/v2\/pages\/102\/revisions"}],"predecessor-version":[{"id":141,"href":"http:\/\/www.fragildificil.com\/index.php\/wp-json\/wp\/v2\/pages\/102\/revisions\/141"}],"wp:attachment":[{"href":"http:\/\/www.fragildificil.com\/index.php\/wp-json\/wp\/v2\/media?parent=102"}],"curies":[{"name":"wp","href":"https:\/\/api.w.org\/{rel}","templated":true}]}}

<p><strong>Anna Roig Llabata</strong>, artista plàstica. Breu resenya biogràfica.</p>
<p>Nascuda a València el 1970, es llicència en la Facultat de Belles Arts de Sant Carles al 1993.  En l’actualitat viu i treballa a Paterna, on té el seu taller de pintura i on comparteix l’estudi de disseny <em>Lavalenciana de comunicació, art i disseny</em>, i dos fills, amb eI dissenyador Cèsar Amiguet.</p>
<p>Desenvolupa el seu treball en tres àmbits complementaris que ella entén com una totalitat:</p>
<p>En l’ambit més estrictament <strong>artístic</strong>, la seua obra pictòrica es mou dins de l’abstracció en dues línies ben diferenciades: <em>Taques</em>, on investiga el color i la gestualitat, així com la composició i l’experimentació en el tractament del color, resultant una obra pròxima a la abstracció lírica; i la sèrie <em>Fràgil-Difícil</em>, que enceta el 2014, on els objectes i els materials curiosos són els protagonistes, conformant peces i instal·lacions pròximes a l’anàlisi del món actual.</p>
<p>Creativa profesional independent des de 1997, ha exposat a Sienna (Itàlia), Rijeka (Croacia), i en Espanya a Àvila, Salamanca, Madrid, així com a Girona, Alacant i València. Des del 2000 fins al 2008 trien una de les sèries anteriors de l’artista, <em>Lacerías</em>, per a decorar les oficines de l&#8217;extinta Bancaixa.  Produeix més de 600 obres sobre paper per a l’entitat, amb formats mitjans, durant eixos 8 anys. Es pot trobar la seua obra a col·leccions tant públiques com privades.</p>
<p>Treballa també el camp de la <strong>il·lustració</strong> de llibres, infantils majoritàriament. Ha realitzat més de 20 llibres fins ara, per a diverses editorials,  referenciats a la Biblioteca Nacional. També realitza algunes cobertes de la col·lecció Dèdal de Edicions del Bullent. <em>Cinc en un llit // Five in a bed</em> d’Edicions del Bullent és un dels darrers llibres que ha publicat com a autora fins ara. Es tracta d’una edició bilingüe valencià/anglés de la cançó popular americana, per ensenyar als xiquets i xiquetes a comptar. Va ser el libre infantil més venut a la Plaça del Llibre 2020.</p>
<p>Respecte a l’àmbit del <strong>disseny</strong>, com a treballs més destacats trobem al 2019 el logotip i  el trofeu dissenyats pels premis que atorga la Conselleria de Cultura anualment als municipis destacats culturalment:<em> la Capitalitat Cultural Valenciana</em>. El trofeu és una peça de fusta d’olivera tractada amb la tècnica japonesa del kintsugi. El 31 de juliol de 2020 es va inaugurar a Vilafranca (Castelló) el monument commemoratiu de la seua Capitalitat en pedra d’Ulldecona que fa 220x150x20cm i 2.500 kg de pes i es pot veure al davant de les oficines del seu Ajuntament. També ha realizat el logotip i la nova imatge de L’Almara, el Mercat Municipal de Burjassot, i el logotip per l’Oficina de Turisme de Burjassot. Tammateix, participa en l’espectacle musical de Rafa Xambó, <em>La Cantata de València</em>, amb el disseny i la caracterització de tres màscares de làtex. Dues representant a Joan Fuster i una a Carmelina Sànchez-Cutillas. La <em>Cantata</em> es va estrenar al teatre Principal de València el 22 de desembre de 2022.</p>
<p><img decoding="async" loading="lazy" class="alignnone size-large wp-image-122" src="http://www.fragildificil.com/wp-content/uploads/2022/12/MG_8322c-copia-1024x683.jpg" alt="" width="525" height="350" srcset="http://www.fragildificil.com/wp-content/uploads/2022/12/MG_8322c-copia-1024x683.jpg 1024w, http://www.fragildificil.com/wp-content/uploads/2022/12/MG_8322c-copia-300x200.jpg 300w, http://www.fragildificil.com/wp-content/uploads/2022/12/MG_8322c-copia-768x512.jpg 768w, http://www.fragildificil.com/wp-content/uploads/2022/12/MG_8322c-copia-350x233.jpg 350w" sizes="(max-width: 525px) 100vw, 525px" /></p>
<p><em>Action painting</em> en el desaparegut 33RPM, amb Sergio Riera al piano (2015)</p>

<p>Anna Roig Llabata, artista plàstica. Breu resenya biogràfica. Nascuda a València el 1970, es llicència en la Facultat de Belles Arts de Sant Carles al 1993.  En l’actualitat viu i treballa a Paterna, on té el seu taller de pintura i on comparteix l’estudi de disseny Lavalenciana de comunicació, art i disseny, i dos fills, &hellip; </p>
<p class="link-more"><a href="http://www.fragildificil.com/index.php/bio/" class="more-link">Continua llegint <span class="screen-reader-text">«Bio»</span></a></p>
